9
What are the prime factors of 656?
2, 41
What are the prime factors of 1634?
2, 19, 43
List the prime factors of 3863.
3863
List the prime factors of 52125.
3, 5, 139
What are the prime factors of 3385?
5, 677
List the prime factors of 11893.
7, 1699
List the prime factors of 1084.
2, 271
What are the prime factors of 8125?
5, 13
What are the prime factors of 9899?
19, 521
List the prime factors of 1762.
2, 881
What are the prime factors of 12803?
7, 31, 59
What are the prime factors of 2187?
3
List the prime factors of 2321.
11, 211
List the prime factors of 2123.
11, 193
What are the prime factors of 63328?
2, 1979
List the prime factors of 26230.
2, 5, 43, 61
List the prime factors of 470.
2, 5, 47
List the prime factors of 271.
271
What are the prime factors of 37831?
37831
List the prime factors of 6313.
59, 107
List the prime factors of 1300.
2, 5, 13
List the prime factors of 511.
7, 73
List the prime factors of 3603.
3, 1201
List the prime factors of 726.
2, 3, 11
What are the prime factors of 645?
3, 5, 43
List the prime factors of 7864.
2, 983
List the prime factors of 502.
2, 251
What are the prime factors of 25198?
2, 43, 293
List the prime factors of 727.
727
What are the prime factors of 2790?
2, 3, 5, 31
What are the prime factors of 1093?
1093
List the prime factors of 196.
2, 7
What are the prime factors of 4287?
3, 1429
What are the prime factors of 444?
2, 3, 37
What are the prime factors of 429?
3, 11, 13
List the prime factors of 1662.
2, 3, 277
What are the prime factors of 4671?
3, 173
What are the prime factors of 482?
2, 241
List the prime factors of 1232.
2, 7, 11
What are the prime factors of 15728?
2, 983
What are the prime factors of 898?
2, 449
What are the prime factors of 3771?
3, 419
What are the prime factors of 2162?
2, 23, 47
List the prime factors of 40927.
40927
What are the prime factors of 384?
2, 3
What are the prime factors of 2491?
47, 53
What are the prime factors of 339?
3, 113
List the prime factors of 471.
3, 157
What are the prime factors of 5795?
5, 19, 61
What are the prime factors of 49994?
2, 7, 3571
List the prime factors of 17633.
7, 11, 229
List the prime factors of 11485.
5, 2297
List the prime factors of 3303.
3, 367
What are the prime factors of 298?
2, 149
What are the prime factors of 34781?
34781
List the prime factors of 87838.
2, 37, 1187
List the prime factors of 1903.
11, 173
List the prime factors of 408.
2, 3, 17
List the prime factors of 1900.
2, 5, 19
What are the prime factors of 179884?
2, 44971
What are the prime factors of 59242?
2, 19, 1559
List the prime factors of 25603.
25603
List the prime factors of 715.
5, 11, 13
What are the prime factors of 32621?
32621
List the prime factors of 1254.
2, 3, 11, 19
List the prime factors of 2161.
2161
List the prime factors of 6789.
3, 31, 73
What are the prime factors of 14133?
3, 7, 673
List the prime factors of 43039.
193, 223
What are the prime factors of 12716?
2, 11, 17
What are the prime factors of 32042?
2, 37, 433
What are the prime factors of 354?
2, 3, 59
What are the prime factors of 6862?
2, 47, 73
List the prime factors of 167.
167
List the prime factors of 1499.
1499
List the prime factors of 53155.
5, 10631
List the prime factors of 2818.
2, 1409
List the prime factors of 22663.
131, 173
List the prime factors of 7876.
2, 11, 179
List the prime factors of 5400.
2, 3, 5
List the prime factors of 24528.
2, 3, 7, 73
What are the prime factors of 2629?
11, 239
What are the prime factors of 1025?
5, 41
List the prime factors of 2018.
2, 1009
List the prime factors of 20388.
2, 3, 1699
What are the prime factors of 19827?
3, 2203
What are the prime factors of 5273?
5273
List the prime factors of 9790.
2, 5, 11, 89
List the prime factors of 2103.
3, 701
What are the prime factors of 9474?
2, 3, 1579
List the prime factors of 868.
2, 7, 31
What are the prime factors of 5372?
2, 17, 79
What are the prime factors of 32218?
2, 89, 181
List the prime factors of 722.
2, 19
What are the prime factors of 19684?
2, 7, 19, 37
List the prime factors of 21882.
2, 3, 7, 521
List the prime factors of 15061.
15061
What are the prime factors of 191?
191
What are the prime factors of 19795?
5, 37, 107
List the prime factors of 4050.
2, 3, 5
What are the prime factors of 6999?
3, 2333
What are the prime factors of 455?
5, 7, 13
List the prime factors of 2225.
5, 89
What are the prime factors of 44216?
2, 5527
List the prime factors of 1608.
2, 3, 67
List the prime factors of 1759.
1759
List the prime factors of 89189.
89189
List the prime factors of 892.
2, 223
List the prime factors of 47205.
3, 5, 1049
List the prime factors of 22958.
2, 13, 883
What are the prime factors of 23879?
23879
List the prime factors of 25976.
2, 17, 191
What are the prime factors of 60729?
3, 31, 653
List the prime factors of 2305.
5, 461
What are the prime factors of 11316?
2, 3, 23, 41
List the prime factors of 1548.
2, 3, 43
List the prime factors of 10169.
10169
List the prime factors of 1274.
2, 7, 13
List the prime factors of 4004.
2, 7, 11, 13
List the prime factors of 4954.
2, 2477
List the prime factors of 44138.
2, 29, 761
What are the prime factors of 53943?
3, 17981
List the prime factors of 109585.
5, 7, 31, 101
List the prime factors of 5046.
2, 3, 29
List the prime factors of 2158.
2, 13, 83
List the prime factors of 2207.
2207
What are the prime factors of 34093?
103, 331
What are the prime factors of 11071?
11071
What are the prime factors of 1669?
1669
List the prime factors of 592.
2, 37
List the prime factors of 498.
2, 3, 83
List the prime factors of 1434.
2, 3, 239
List the prime factors of 8794.
2, 4397
List the prime factors of 13078.
2, 13, 503
What are the prime factors of 148657?
61, 2437
What are the prime factors of 4164?
2, 3, 347
List the prime factors of 1842.
2, 3, 307
What are the prime factors of 2539?
2539
What are the prime factors of 38213?
7, 53, 103
List the prime factors of 533.
13, 41
List the prime factors of 2216.
2, 277
What are the prime factors of 2260?
2, 5, 113
What are the prime factors of 1850?
2, 5, 37
List the prime factors of 5772.
2, 3, 13, 37
What are the prime factors of 446?
2, 223
What are the prime factors of 4791?
3, 1597
What are the prime factors of 15262?
2, 13, 587
List the prime factors of 1254.
2, 3, 11, 19
List the prime factors of 1020.
2, 3, 5, 17
What are the prime factors of 10278?
2, 3, 571
List the prime factors of 14166.
2, 3, 787
List the prime factors of 1110.
2, 3, 5, 37
What are the prime factors of 6719?
6719
What are the prime factors of 8821?
8821
What are the prime factors of 40?
2, 5
What are the prime factors of 1046?
2, 523
What are the prime factors of 7852?
2, 13, 151
List the prime factors of 79795.
5, 15959
List the prime factors of 792.
2, 3, 11
List the prime factors of 74987.
11, 17, 401
What are the prime factors of 295?
5, 59
List the prime factors of 540.
2, 3, 5
What are the prime factors of 2906?
2, 1453
List the prime factors of 27878.
2, 53, 263
What are the prime factors of 75547?
31, 2437
List the prime factors of 9708.
2, 3, 809
What are the prime factors of 168?
2, 3, 7
List the prime factors of 136352.
2, 4261
List the prime factors of 22223.
71, 313
List the prime factors of 52.
2, 13
List the prime factors of 8070.
2, 3, 5, 269
What are the prime factors of 986?
2, 17, 29
List the prime factors of 28268.
2, 37, 191
What are the prime factors of 5641?
5641
What are the prime factors of 2233?
7, 11, 29
What are the prime factors of 91141?
91141
List the prime factors of 8343.
3, 103
List the prime factors of 902.
2, 11, 41
List the prime factors of 2558.
2, 1279
What are the prime factors of 43061?
17, 149
What are the prime factors of 112593?
3, 13, 2887
List the prime factors of 9102.
2, 3, 37, 41
List the prime factors of 5150.
2, 5, 103
What are the prime factors of 3310?
2, 5, 331
List the prime factors of 948.
2, 3, 79
What are the prime factors of 140?
2, 5, 7
What are the prime factors of 16047?
3, 1783
List the prime factors of 215.
5, 43
What are the prime factors of 11831?
11831
What are the prime factors of 18510?
2, 3, 5, 617
What are the prime factors of 966?
2, 3, 7, 23
What are the prime factors of 10650?
2, 3, 5, 71
What are the prim